{"id":9,"date":"2014-07-07T13:01:50","date_gmt":"2014-07-07T11:01:50","guid":{"rendered":"http:\/\/www.klonga.sk\/?page_id=9"},"modified":"2020-12-24T22:47:55","modified_gmt":"2020-12-24T21:47:55","slug":"gallery","status":"publish","type":"page","link":"https:\/\/www.klonga.sk\/?page_id=9","title":{"rendered":"Gallery"},"content":{"rendered":"<p>Bahamy<\/p>\n<p>ngg_shortcode_0_placeholderUK &#8211; Dover<\/p>\n<p>ngg_shortcode_1_placeholderUK &#8211; Southend<\/p>\n<p>ngg_shortcode_2_placeholderSriLanka &#8211; Colombo<\/p>\n<p>ngg_shortcode_3_placeholderSriLanka &#8211; Pinnawela<\/p>\n<p>ngg_shortcode_4_placeholderAustr\u00e1lia I.<\/p>\n<p>ngg_shortcode_5_placeholderAustr\u00e1lia II.<\/p>\n<p>ngg_shortcode_6_placeholderAust\u00e1lia III.<\/p>\n<p>ngg_shortcode_7_placeholderFilip\u00edny<\/p>\nngg_shortcode_8_placeholder\n","protected":false},"excerpt":{"rendered":"<p>Bahamy UK &#8211; Dover UK &#8211; Southend SriLanka &#8211; Colombo SriLanka &#8211; Pinnawela Austr\u00e1lia I. Austr\u00e1lia II. Aust\u00e1lia III. Filip\u00edny<\/p>\n","protected":false},"author":1,"featured_media":0,"parent":0,"menu_order":3,"comment_status":"closed","ping_status":"closed","template":"","meta":{"ngg_post_thumbnail":0,"footnotes":""},"class_list":["post-9","page","type-page","status-publish","hentry"],"_links":{"self":[{"href":"https:\/\/www.klonga.sk\/index.php?rest_route=\/wp\/v2\/pages\/9","targetHints":{"allow":["GET"]}}],"collection":[{"href":"https:\/\/www.klonga.sk\/index.php?rest_route=\/wp\/v2\/pages"}],"about":[{"href":"https:\/\/www.klonga.sk\/index.php?rest_route=\/wp\/v2\/types\/page"}],"author":[{"embeddable":true,"href":"https:\/\/www.klonga.sk\/index.php?rest_route=\/wp\/v2\/users\/1"}],"replies":[{"embeddable":true,"href":"https:\/\/www.klonga.sk\/index.php?rest_route=%2Fwp%2Fv2%2Fcomments&post=9"}],"version-history":[{"count":29,"href":"https:\/\/www.klonga.sk\/index.php?rest_route=\/wp\/v2\/pages\/9\/revisions"}],"predecessor-version":[{"id":1271,"href":"https:\/\/www.klonga.sk\/index.php?rest_route=\/wp\/v2\/pages\/9\/revisions\/1271"}],"wp:attachment":[{"href":"https:\/\/www.klonga.sk\/index.php?rest_route=%2Fwp%2Fv2%2Fmedia&parent=9"}],"curies":[{"name":"wp","href":"https:\/\/api.w.org\/{rel}","templated":true}]}}